16*z - 9. Let i be l(7). Suppose 2*r = 4*o - 184, -r + 32 = o - i*r. List the prime factors of o.
2, 3
Suppose -4*q + 8*q = 0. List the prime factors of q/((-16)/4) - -12.
2, 3
Suppose 0*b = -2*b - 2*h + 34, 0 = 2*b + 5*h - 31. Let o = b + -10. Let c = 11 - o. What are the prime factors of c?
3
Let x(n) = n**3 - 5*n**2 + 5*n. Suppose 2*k + 10 = -3*c + 21, 0 = 5*k - 5*c - 15. Let o be x(k). Suppose 16 = o*m - 0*m. List the prime factors of m.
2
Suppose 3*a = 185 + 115. Suppose 2*t - a = -3*t. List the prime factors of t.
2, 5
Suppose 4*o - 53 = -y + 36, 121 = 5*o - 2*y. Let d = -14 + o. List the prime factors of d.
3
Let s be 0 - (-1 + 2 + -22). Suppose 4*t + s = 5*f, -4*f + t + 3 + 5 = 0. Suppose -5*p - f = -41. What are the prime factors of p?
2
Let m = 21 - 40. Let h = m + 35. List the prime factors of h.
2
Let o = 107 - 26. What are the prime factors of o?
3
Let w = 6 + -2. Suppose -8 = -2*f + w. List the prime factors of f.
2, 3
Let z be 4/6 - 67/(-3). Let h = z - 3. Let p = h - 13. List the prime factors of p.
7
Let p = 3 + -3. Suppose p = 7*n - 2*n - 30. List the prime factors of 4/n*(-33)/(-2).
11
Suppose -42 + 0 = 2*t. What are the prime factors of ((-7)/t)/((-2)/(-186))?
31
Suppose 4*d - 5*k = 3 - 25, 0 = 4*d - 3*k + 26. Let u = d - -12. Suppose -2*w = u*s - 15 + 1, -5*w = -2*s - 23. What are the prime factors of w?
5
Let m(r) = r + 3. Suppose -2*k + 0*k = 0. Let h be m(k). Suppose 24 = -0*q + h*q. List the prime factors of q.
2
Let u(w) = w. Let x be u(4). Suppose x*n = -5*j - 6, j + 2*n + 4 = -j. Suppose -7 = -3*c + j*c. List the prime factors of c.
7
List the prime factors of ((-24)/5)/(15/(-100)).
2
Let t be (5 - 3 - 3)*-31. Let l = 43 - t. Let j = 6 + l. List the prime factors of j.
2, 3
Suppose -1 = 2*j - 17. Suppose -y = 2*n - 30, -23 = -3*n - 5*y + j. What are the prime factors of n?
17
Let w(z) = z**2 - 16*z + 17. Let q be w(15). Suppose q*b - 46 = b. What are the prime factors of b?
2, 23
Let v(s) = s**3 - 4*s**2 - 8*s + 2. Let d(k) = 5*k**3 - 20*k**2 - 40*k + 9. Let w(n) = 2*d(n) - 11*v(n). What are the prime factors of w(5)?
11
Let h be 6/9 + (-235)/(-3). Let i = h + -41. List the prime factors of i.
2, 19
Let p = 13 + 3. What are the prime factors of p?
2
Let y(s) = -s**3 + 2*s**2 + s - 2. Let l be y(2). Suppose -x + 4*x - 6 = l. Let c(a) = -a**3 + 3*a**2 - a + 1. What are the prime factors of c(x)?
3
Let j(p) be the first derivative of p**2 + 6*p + 2. Let t be j(-6). List the prime factors of (-2)/t - (-14)/3.
5
Let r(f) = f**2 - 11*f + 8. List the prime factors of r(11).
2
Suppose -4*b = -3*b - 40. List the prime factors of b.
2, 5
Let y be 2/(5/2 + -2). Suppose y*w = -5*v + 47, -28 - 7 = -4*w - v. What are the prime factors of w?
2
Let o = -74 + 137. List the prime factors of o.
3, 7
Let o be -1*(13 - (1 - 1)). Let a = o + 19. Suppose m = 4*d + 10, 4*m - 2*d - a = -3*d. List the prime factors of m.
2
Suppose b + 5*z = -8, z + 2*z = -6. Suppose 0*c + 41 = 3*c + 2*d, d = -b. Suppose c = s - 2*k, 3*s = 5*s - 3*k - 28. List the prime factors of s.
11
Let f = -268 - -429. What are the prime factors of f?
7, 23
Suppose x = -x. Suppose 0 = -t + 4*o - 18 - x, 2*t = 5*o - 21. List the prime factors of t/(-7) + 74/14.
5
Suppose 0 = -u + 4*i + 2 + 6, 4*u + 19 = -i. Let p be 9/(-6) + (-70)/u. What are the prime factors of ((-3)/1)/((-6)/p)?
2
Let n be (-8)/(-12) - (-2)/6. What are the prime factors of (-265)/(-20) - n/4?
13
Let k be (5/3)/(1/3). Let u(h) be the second derivative of -h**3/6 + 6*h**2 - h. What are the prime factors of u(k)?
7
Let p be 17 + 5/((-10)/4). Let n = p - 7. Suppose 0 = -2*q - 4*k + n, -2*q + k = 6*k - 7. List the prime factors of q.
2, 3
Suppose 2*m - 119 = -15*m. What are the prime factors of m?
7
Let q(m) = -2 + 6*m**2 - m**3 + 2*m**3 + 1 - 4*m. Let t be q(-5). Suppose -h + 5*h = t. List the prime factors of h.
11
Let k(s) = s - 4. Let r be 12/((27/6)/3). What are the prime factors of k(r)?
2
Suppose m = 7*m - 168. Let f = -13 + m. What are the prime factors of f?
3, 5
Suppose 3*u - u - 24 = 0. Suppose 5*q - u - 3 = 0. Suppose 4*d - q = 5. List the prime factors of d.
2
Suppose -x = 5*o - 215, -3*x + 0*x + 678 = 4*o. List the prime factors of x.
2, 5, 23
Let p(f) = 3*f**2 - 5*f - 1. Let b be p(4). Suppose 5*i = 4*h - 41, -b = -5*h + 2*h + 3*i. Suppose 4*y = -h + 36. List the prime factors of y.
2
Let g be ((-15)/6)/(3/(-6)). Suppose 0*t - 7 = -2*t - g*a, a = 4*t - 47. List the prime factors of t.
11
Let c(l) = -l - 8. Let p(v) = -v - 1. Let m be p(8). Let k be c(m). Suppose -k = -x + 1. What are the prime factors of x?
2
Suppose 20 = -3*i + b + 179, -3*b = -5*i + 261. What are the prime factors of i?
2, 3
Let t = 58 + -21. What are the prime factors of t?
37
Let b be 3 - ((-3)/(-1) + -4). Suppose -5*j + 8 = -b*j. List the prime factors of j.
2
What are the prime factors of (-74)/(-6)*3 - 4?
3, 11
Suppose -2*c - 5*i = -c + 6, 0 = -4*c - i + 14. Suppose -34 + 10 = -c*a. What are the prime factors of a?
2, 3
Let g(u) = -6*u**3 + u**2 - 2. Let r(q) = -11*q**3 + 3*q**2 - 5. Let m(i) = -5*g(i) + 2*r(i). List the prime factors of m(1).
3
Let l = -24 + 91. What are the prime factors of l?
67
Let g = -2 - 6. Let v = g + 12. List the prime factors of v.
2
List the prime factors of 1*(6 + 166 - (0 - -3)).
13
Let b(l) = 2*l**2 - 3*l**2 - 10*l + 11 + 3. What are the prime factors of b(-11)?
3
Let h(s) = -22*s**2 - s - 1. Let u be h(-1). Let m = 40 + u. Suppose -12 - m = -3*o. What are the prime factors of o?
2, 5
Let t(y) = y**3 + 3*y**2 - 7*y - 6. Suppose 3*m = -15, 2*d - 12 = 4*m + 10. Let p(x) = -4*x**3 - x**2 + x. Let w be p(d). List the prime factors of t(w).
2, 3
Let z(l) = -4*l**3 - 7*l**3 + l**3. Let v be z(1). Let c = -6 - v. What are the prime factors of c?
2
List the prime factors of 47/3 + (-4)/6.
3, 5
Let n(j) be the third derivative of 5*j**4/24 + 7*j**3/6 - j**2. List the prime factors of n(3).
2, 11
Let p(c) = -c**3 - 2*c**2 + 4*c. List the prime factors of p(-4).
2
Let f = 16 + -3. Let y = 31 - f. What are the prime factors of y?
2, 3
Let q(a) = -a**3 + 14*a**2 - 4*a - 25. List the prime factors of q(13).
2, 23
Let w = -47 - -120. What are the prime factors of w?
73
Let s(g) = -4*g + 1. Let d be s(-1). Let v(n) = -n**2 + 8*n - 5. Let w be v(6). Suppose a = -k + 5, -9 = 4*k - w*k - d*a. What are the prime factors of k?
2
Let p = 32 + -25. Suppose -3*r = -q + 10, -3*r - q = -0*q + 14. Let j = p + r. What are the prime factors of j?
3
Suppose 0 = -x - 2*f + 9, x - 4*f = -2*f - 7. Let r(z) = z**2 - 9*z + 3. Let b be r(6). Let s = x - b. List the prime factors of s.
2
Suppose -2*s - 3*s = 10. Let j be s + (-2)/(-1 + -1). What are the prime factors of (-85)/(-7) + j/7?
2, 3
Suppose -4*a - s + 538 = s, -5*a - s = -674. What are the prime factors of a?
3, 5
Suppose -3*j + 2*j + 196 = -3*y, -j - 2*y = -171. List the prime factors of j.
181
Let s = 1 + 0. Let p(t) = -t + 1. Let x be p(s). Suppose -4*a + 4 = 0, -4*b + 9 = -x*a - 3*a. List the prime factors of b.
3
Suppose 6*n = 9*n - 183. List the prime factors of n.
61
Let c(r) = 6*r**2 + 7*r + 3*r - 13*r. What are the prime factors of c(2)?
2, 3
Let w(m) = m**3 + 7*m**2 + 6. Let a be w(-7). Suppose -5*o + 19 + a = 0. What are the prime factors of 20/3*12/o?
2
Let b = -54 - -62. What are the prime factors of b?
2
Let y(h) = h**2 + 2*h + 89. List the prime factors of y(0).
89
Let m = -4 + 55. List the prime factors of m.
3, 17
Let f(d) = 3*d - 6. Let p(w) = 2*w - 4. Let h(v) = -5*f(v) + 7*p(v). Let b be h(2). Suppose -2*l + 5*l - 18 = b. List the prime factors of l.
2, 3
Suppose 392 = 7*r - 210. What are the prime factors of r?
2, 43
What are the prime factors of (((-3)/(-3))/(-1))/((-3)/576)?
2, 3
Let c(d) = 232*d**3 + 3*d**2 - d. What are the prime factors of c(1)?
2, 3, 13
Let k be 0/(-2)*(-2)/(-4). Suppose -10 = -3*y + 2*s, 0*s + s + 2 = k. What are the prime factors of y?
2
Suppose -3*r - 2 = -2*r + 4*i, 49 = 3*r + i. Suppose -4*x - 3*h = -x - r, -3*x + 18 = -4*h. List the prime factors of x.
2, 3
Suppose -2*u + 3*q + 414 = 0, q + 482 = 4*u - 356. List the prime factors of u.
2, 3, 5, 7
Suppose q + c = 6*c + 16, 4 = -q - 5*c. Let v be 33/9 - 4/q. Suppose 0 = v*r - 5*s - 32, -3*r = r + 3*s - 4. List the prime factors of r.
2
Suppose 5*s - 2 = -h + 5, -